what is -428 + -1?
-429
In base 5, what is -21433 + -10?
-21443
In base 8, what is 163 + -6?
155
In base 13, what is 17 - -1b?
35
In base 10, what is -19 + -1?
-20
In base 12, what is -5 + -47?
-50
In base 6, what is 5 + 31355?
31404
In base 11, what is -177 - 1?
-178
In base 5, what is 0 - 331?
-331
In base 9, what is 3 - -485?
488
In base 11, what is 9 - 268?
-25a
In base 4, what is -10 + 33?
23
In base 14, what is 26 - -3?
29
In base 12, what is -1 - 50?
-51
In base 2, what is -1000011011010 - -1?
-1000011011001
In base 12, what is -223 + -12?
-235
In base 2, what is -1001110 - 11011?
-1101001
In base 6, what is -1001 + 21?
-540
In base 2, what is -1000111 - -10010?
-110101
In base 12, what is -1 + 475?
474
In base 13, what is -2c2 + 8?
-2b7
In base 9, what is -5 + -5?
-11
In base 5, what is 4 - 321?
-312
In base 5, what is -104 - -41?
-13
In base 16, what is 1b - 91?
-76
In base 2, what is 11100 + -1011?
10001
In base 7, what is -333 - 2?
-335
In base 9, what is 3 - -105?
108
In base 16, what is -24 + 6c?
48
In base 15, what is -3 + 12e?
12b
In base 11, what is 10a + 0?
10a
In base 2, what is 11001111 + 0?
11001111
In base 6, what is -23 + -20?
-43
In base 5, what is -4 - 144?
-203
In base 13, what is 2 - 1ac?
-1aa
In base 5, what is -24244 - -2?
-24242
In base 6, what is -304 + -1?
-305
In base 16, what is -6 - -13?
d
In base 5, what is 13144 - 4?
13140
In base 6, what is -251 + -1?
-252
In base 3, what is 12002122 + -12?
12002110
In base 3, what is -22201210 + 1?
-22201202
In base 10, what is -109 - -4?
-105
In base 6, what is 21112 - -13?
21125
In base 11, what is -68a2 - -2?
-68a0
In base 8, what is 455 + -1?
454
In base 8, what is -763 - -1?
-762
In base 14, what is -5 + -a01?
-a06
In base 4, what is 3302 + -11?
3231
In base 11, what is -8a9 - 9?
-907
In base 6, what is -10130 + 0?
-10130
In base 12, what is 4 + -6?
-2
In base 16, what is -14 - -5?
-f
In base 11, what is 4 + 7?
10
In base 14, what is 0 + -9?
-9
In base 8, what is -21 + -61?
-102
In base 4, what is 213 - 1031?
-212
In base 5, what is -140 + 34?
-101
In base 2, what is -10000 + -10000?
-100000
In base 15, what is 8 + -5c1?
-5b8
In base 6, what is 24432 - 2?
24430
In base 16, what is 10 - -29?
39
In base 14, what is -2 + -15?
-17
In base 11, what is 7 + 809?
815
In base 12, what is 0 + 47?
47
In base 11, what is 3 + 54?
57
In base 4, what is 11 + 232?
303
In base 16, what is 4 + 14?
18
In base 11, what is -663 + -4?
-667
In base 9, what is 326 - 0?
326
In base 7, what is 626 + -5?
621
In base 4, what is 112301 + 2?
112303
In base 8, what is 76 + -1?
75
In base 7, what is -5 + -3655?
-3663
In base 16, what is 5 - 21?
-1c
In base 4, what is -13 - 0?
-13
In base 5, what is 3 + 101444?
102002
In base 3, what is -2022012 - -12?
-2022000
In base 2, what is 10101111 + 1000000?
11101111
In base 10, what is -1 - -77?
76
In base 2, what is 10101 - 10110010?
-10011101
In base 6, what is 2 + 1413?
1415
In base 13, what is 0 - -56?
56
In base 2, what is 0 + -11010?
-11010
In base 8, what is -1062 - -52?
-1010
In base 5, what is -2 + -1140?
-1142
In base 16, what is -3 - 11c?
-11f
In base 14, what is 3 + 58?
5b
In base 14, what is -4 + -7b?
-81
In base 13, what is -6 - 1ca?
-203
In base 13, what is 0 + -6b1?
-6b1
In base 3, what is 101201 - -11?
101212
In base 12, what is 6 + 1?
7
In base 13, what is 6c + 15?
84
In base 4, what is -1 + 210?
203
In base 6, what is 5 + 411?
420
In base 4, what is 1 + 1000?
1001
In base 10, what is 5 - -9?
14
In base 14, what is 58 + -2?
56
In base 4, what is 222 + -11?
211
In base 9, what is -65 + -5?
-71
In base 9, what is -4 - -22?
17
In base 3, what is -11 + -1020011?
-1020022
In base 2, what is 101 + -1011011011?
-1011010110
In base 16, what is 1 + 5e?
5f
In base 9, what is -34 - 3?
-37
In base 10, what is -7 + 1173?
1166
In base 7, what is 0 - 144?
-144
In base 7, what is 50313 - -2?
50315
In base 13, what is -7 - a9?
-b3
In base 3, what is 120112 - 0?
120112
In base 6, what is -4 - 113?
-121
In base 12, what is -3 - -2a?
27
In base 6, what is -20 - -13?
-3
In base 8, what is -1 + -1172?
-1173
In base 8, what is -2145 - 6?
-2153
In base 6, what is 52 - -103?
155
In base 3, what is -2001012 + -1?
-2001020
In base 13, what is -8 - 60?
-68
In base 14, what is -3 - 9a5?
-9a8
In base 11, what is 31 + -119?
-98
In base 5, what is -401 - 110?
-1011
In base 8, what is 2 + -134?
-132
In base 12, what is 1039 - -4?
1041
In base 3, what is 11 + 12021?
12102
In base 12, what is 165 + 4?
169
In base 11, what is 50 + 15?
65
In base 9, what is 3683 + 0?
3683
In base 7, what is -366 + 0?
-366
In base 2, what is 110100 + -1111?
100101
In base 14, what is -1 + 10d?
10c
In base 4, what is -10 - 130230?
-130300
In base 7, what is -4 - -1642?
1635
In base 15, what is 5 + 32?
37
In base 6, what is 21212 - -2?
21214
In base 9, what is 3 - -235?
238
In base 4, what is 0 + -13011?
-13011
In base 5, what is 32 - -1400?
1432
In base 7, what is 12 + -3063?
-3051
In base 8, what is -1312 - -1?
-1311
In base 2, what is 11101011 - -100?
11101111
In base 4, what is -2 + 3?
1
In base 6, what is -131 - -41?
-50
In base 16, what is -3d04 - 0?
-3d04
In base 12, what is 164a + -2?
1648
In base 6, what is 1 - 11223?
-11222
In base 14, what is -5 - -3b?
36
In base 14, what is -15 - 3?
-18
In base 11, what is -1 + 1a2?
1a1
In base 11, what is a0 - -49?
139
In base 2, what is 1 + -111111?
-111110
In base 6, what is -1013 + 0?
-1013
In base 5, what is -3 + 302?
244
In base 12, what is 46 - b?
37
In base 13, what is -4 - -9?
5
In base 5, what is 0 + -43?
-43
In base 6, what is 11 - 105?
-54
In base 3, what is 102 - 1100?
-221
In base 4, what is -1 + -1133?
-1200
In base 15, what is -2c - -d1?
a4
In base 3, what is -10001112 - -12?
-10001100
In base 6, what is 2 - 302?
-300
In base 12, what is -1 + -39?
-3a
In base 11, what is 3 - -111?
114
In base 6, what is 45 - -22?
111
In base 9, what is 250 - -3?
253
In base 5, what is 3 + -103112?
-103104
In base 11, what is -4 + 36?
32
In base 9, what is 1 - -3?
4
In base 8, what is -1150 - 10?
-1160
In base 6, what is -35 + -31?
-110
In base 16, what is -49 + 6?
-43
In base 7, what is -3254 - -4?
-3250
In base 4, what is 10 + -32221?
-32211
In base 15, what is c - 7?
5
In base 15, what is -5 + ca6?
ca1
In base 6, what is -133 + -113?
-250
In base 3, what is -2210 - -2?
-2201
In base 16, what is 3f + 2?
41
In base 12, what is 2 - -30?
32
In base 4, what is 2122010 + 10?
2122020
In base 6, what is -35 + -40?
-115
In base 11, what is -1 - 1122?
-1123
In base 16, what is 5 - -32?
37
In base 5, what is 101 + -310?
-204
In base 7, what is -134 - -150?
13
In base 5, what is -120 + 443?
323
In base 8, what is 7 - 37?
-30
In base 3, what is -1121 - -11?
-1110
In base 11, what is -35 - -2?
-33
In base 14, what is 3 - -14?
17
In base 14, what is 147 - -1?
148
In base 11, what is 448 - 4?
444
In base 3, what is -1012002 + 12?
-1011220
In base 3, what is -101112012 + -10?
-101112022
In base 9, what is 56 - 6?
50
In base 4, what is -2 - 1302?
-1310
In base 14, what is -62 - -a?
-56
In base 10, what is 3 - 46?
-43
In base 4, what is 102032 + -1?
102031
In base 15, what is 15 + 18e?
1a4
In base 16, what is 0 + -62?
-62
In base 12, what is -5 - 401?
-406
In base 13, what is -25 + -8?
-30
In base 8, what is 4 - 33?
-27
In base 2, what is -1111100 - 1010?
-10000110
In base 6, what is 0 + 10?
10
In base 7, what is -125 + -566?
-1024
In base 16, what is 1ae - b?
1a3
In base 7, what is -4 - 1646?
-1653
In base 7, what is 4142 + -6?
4133
In base 3, what is -20200 + 1?
-20122
In base 4, what is 10 - 313?
-303
In base 6, what is 3 + 1412?
1415
In base 9, what is -110 - 4?
-114
In base 5, what is 123 + -13?
110
In base 8, what is -42 + -22?
-64
In base 13, what is 24 + -22?
2
In base 3, what is -12 - -1011?
222
In base 5, what is -143343 + -4?
-143402
In base 3, what is 20020 + 0?
20020
In base 11, what is a5 + 4?
a9
In base 16, what is 3 - -c5?
c8
In base 4, what is -31 + -201?
-232
In base 13, what is 1 - 127?
-126
In base 3, what is 100 - -1121?
1221
In base 15, what is -46 + 5?
-41
In base 3, what is 11101212 - 10?
11101202
In base 10, what is -763 + 5?
-758
In base 8, what is -7 + -1205?
-1214
In base 9, what is 43 + 4?
47
In base 9, what is -5 - 1302?
-1307
In base